{"id":13,"date":"2026-03-26T14:00:18","date_gmt":"2026-03-26T14:00:18","guid":{"rendered":"https:\/\/veitsweb.ddns.net\/motorschirm\/impressum-datenschutz\/"},"modified":"2026-03-26T14:21:52","modified_gmt":"2026-03-26T14:21:52","slug":"impressum-datenschutz","status":"publish","type":"page","link":"https:\/\/veitsweb.ddns.net\/motorschirm\/impressum-datenschutz\/","title":{"rendered":"Impressum &#038; Datenschutz"},"content":{"rendered":"<h2>Impressum<\/h2>\n<p>Impressum gem\u00e4\u00df \u00a76 Teledienstegesetz (TDG). Verantwortlicher Redakteur und Webmaster f\u00fcr die Planung, Realisierung und Betreuung der Internetinhalte sowie f\u00fcr die Administration ist:<\/p>\n<p>Norbert Vonhof, Selbstverlag<br \/>\nWippertalstra\u00dfe 30<br \/>\n99707 Kyffh\u00e4userland<\/p>\n<p>Tel.: +49 176 58 87 02 870<br \/>\nE-Mail: vonhof@t-online.de<br \/>\nWebsite: <a href=\"http:\/\/www.motorschirmlehrbuch.de\">www.motorschirmlehrbuch.de<\/a><\/p>\n<h2>Datenschutzerkl\u00e4rung<\/h2>\n<p>Wir freuen uns sehr \u00fcber Ihr Interesse an unserem Motorschirmlehrbuch. Der Datenschutz hat f\u00fcr den Selbstverlag Vonhof einen besonders hohen Stellenwert. Eine Nutzung unserer Internetseite &#8220;Motorschirmlehrbuch&#8221; ist grunds\u00e4tzlich ohne jede Angabe personenbezogener Daten m\u00f6glich.<\/p>\n<p>Die Verarbeitung personenbezogener Daten, des Namens, der Anschrift, E-Mail-Adresse oder Telefonnummer einer betroffenen Person, erfolgt stets im Einklang mit der Datenschutz-Grundverordnung und in \u00dcbereinstimmung mit der Th\u00fcringer Datenschutzverordnung.<\/p>\n<h3>Verantwortlicher<\/h3>\n<p>Selbstverlag Vonhof<br \/>\nWippertalstr. 30<br \/>\n99707 Kyffh\u00e4userland<br \/>\nDeutschland<\/p>\n<p>Tel.: +49 176 58 87 02 870<br \/>\nE-Mail: vonhof@t-online.de<\/p>\n<h3>Erhobene Daten<\/h3>\n<p>Bei der Nutzung dieser Seite zieht der Selbstverlag Vonhof keine R\u00fcckschl\u00fcsse auf die betroffene Person. Personenbezogene Daten (Name, Anschrift, E-Mail, Telefon) werden nur erhoben, wenn sie freiwillig im Rahmen einer Bestellung oder Kontaktaufnahme mitgeteilt werden.<\/p>\n<h3>Rechte der betroffenen Person<\/h3>\n<p>Sie haben das Recht auf Auskunft, Berichtigung, L\u00f6schung und Einschr\u00e4nkung der Verarbeitung Ihrer personenbezogenen Daten sowie das Recht auf Daten\u00fcbertragbarkeit und Widerspruch gem\u00e4\u00df der DS-GVO. F\u00fcr Anfragen wenden Sie sich bitte an: vonhof@t-online.de<\/p>\n<h3>Routinem\u00e4\u00dfige L\u00f6schung<\/h3>\n<p>Personenbezogene Daten werden nur f\u00fcr den Zeitraum gespeichert, der zur Erreichung des Speicherungszwecks erforderlich ist, und danach routinem\u00e4\u00dfig gel\u00f6scht.<\/p>\n","protected":false},"excerpt":{"rendered":"<p>Impressum Impressum gem\u00e4\u00df \u00a76 Teledienstegesetz (TDG). Verantwortlicher Redakteur und Webmaster f\u00fcr die Planung, Realisierung und Betreuung der Internetinhalte sowie f\u00fcr die Administration ist: Norbert Vonhof, Selbstverlag Wippertalstra\u00dfe 30 99707 Kyffh\u00e4userland Tel.: +49 176 58 87 02 870 E-Mail: vonhof@t-online.de Website: www.motorschirmlehrbuch.de Datenschutzerkl\u00e4rung Wir freuen uns sehr \u00fcber Ihr Interesse an unserem Motorschirmlehrbuch. Der Datenschutz hat [&hellip;]<\/p>\n","protected":false},"author":1,"featured_media":0,"parent":0,"menu_order":3,"comment_status":"closed","ping_status":"closed","template":"","meta":{"footnotes":""},"class_list":["post-13","page","type-page","status-publish","hentry"],"_links":{"self":[{"href":"https:\/\/veitsweb.ddns.net\/motorschirm\/wp-json\/wp\/v2\/pages\/13","targetHints":{"allow":["GET"]}}],"collection":[{"href":"https:\/\/veitsweb.ddns.net\/motorschirm\/wp-json\/wp\/v2\/pages"}],"about":[{"href":"https:\/\/veitsweb.ddns.net\/motorschirm\/wp-json\/wp\/v2\/types\/page"}],"author":[{"embeddable":true,"href":"https:\/\/veitsweb.ddns.net\/motorschirm\/wp-json\/wp\/v2\/users\/1"}],"replies":[{"embeddable":true,"href":"https:\/\/veitsweb.ddns.net\/motorschirm\/wp-json\/wp\/v2\/comments?post=13"}],"version-history":[{"count":1,"href":"https:\/\/veitsweb.ddns.net\/motorschirm\/wp-json\/wp\/v2\/pages\/13\/revisions"}],"predecessor-version":[{"id":22,"href":"https:\/\/veitsweb.ddns.net\/motorschirm\/wp-json\/wp\/v2\/pages\/13\/revisions\/22"}],"wp:attachment":[{"href":"https:\/\/veitsweb.ddns.net\/motorschirm\/wp-json\/wp\/v2\/media?parent=13"}],"curies":[{"name":"wp","href":"https:\/\/api.w.org\/{rel}","templated":true}]}}