{"id":6,"date":"2026-03-24T18:05:50","date_gmt":"2026-03-24T18:05:50","guid":{"rendered":"https:\/\/veitsweb.ddns.net\/motorschirm\/bestellformular-ultraleichtfliegen-mit-einem-motorschirm\/"},"modified":"2026-03-26T14:21:51","modified_gmt":"2026-03-26T14:21:51","slug":"bestellformular-ultraleichtfliegen-mit-einem-motorschirm","status":"publish","type":"page","link":"https:\/\/veitsweb.ddns.net\/motorschirm\/bestellformular-ultraleichtfliegen-mit-einem-motorschirm\/","title":{"rendered":"Bestellformular &#8220;Ultraleichtfliegen mit einem Motorschirm&#8221;"},"content":{"rendered":"<p>PayPal Kauf-Formular:<\/p>\n<table>\n<thead>\n<tr>\n<th>Versandadresse (Vorname Name, Strasse +Nr., PLZ Ort, Land<\/th>\n<\/tr>\n<\/thead>\n<tbody>\n<tr>\n<td><\/td>\n<\/tr>\n<tr>\n<td>F\u00fcr R\u00fcckfragen Emailadresse und\/oder Telefonnummer<\/td>\n<\/tr>\n<tr>\n<td><\/td>\n<\/tr>\n<\/tbody>\n<\/table>\n<p>Bitte Versand-Adresse und Kontaktdaten angeben.<\/p>\n<p><strong>AGB &#8211; Allgemeine Gesch\u00e4ftsbedingungen:<\/strong><\/p>\n<p><strong>Vertragspartner ist:<\/strong><br \/>\nSelbstverlag Vonhof; Wippertalstr. 30, 99707 Kyffh\u00e4userland<\/p>\n<p><strong>Allgemeines:<\/strong><\/p>\n<p>Nachstehende Allgemeine Gesch\u00e4ftsbedingungen (AGB) gelten f\u00fcr alle Auftr\u00e4ge, Lieferungen und sonstige Leistungen mit dem Selbstverlag Vonhof. Der Selbstverlag Vonhof ist jederzeit berechtigt, diese Allgemeinen Gesch\u00e4ftsbedingungen mit einer angemessenen K\u00fcndigungsfrist zu \u00e4ndern oder zu erg\u00e4nzen. Vorher eingegangene Auftr\u00e4ge werden nach den vorher g\u00fcltigen AGB bearbeitet.<\/p>\n<p><strong>Vertragsabschluss:<\/strong><\/p>\n<p>Ihre Bestellung wird ausgel\u00f6st, wenn Sie die Ware in den Warenkorb gelegt und &#8216;zur Kasse&#8217; anklicken. Mit der Bestellung erkl\u00e4ren Sie verbindlich, die Ware erwerben zu wollen. Sie werden \u00fcber den Eingang Ihrer Bestellung umgehend per E-Mail informiert. Die Zugangsbest\u00e4tigung erfolgt automatisch und stellt noch keine Annahmeerkl\u00e4rung dar. Der Kaufvertrag kommt dadurch zustande, dass wir das in Ihrer Bestellung liegende Angebot zum Abschluss eines Kaufvertrags durch Lieferung der Ware annehmen.<\/p>\n<p><strong>Widerrufsbelehrung: Widerrufsrecht<\/strong><\/p>\n<p>Sie haben das Recht, binnen vierzehn Tagen ohne Angabe von Gr\u00fcnden diesen Vertrag zu widerrufen. Die Widerrufsfrist betr\u00e4gt vierzehn Tage ab dem Tag an dem Sie oder ein von Ihnen benannter Dritter, der nicht der Bef\u00f6rderer ist, die Waren in Besitz genommen haben bzw. hat. Um Ihr Widerrufsrecht auszu\u00fcben, m\u00fcssen Sie uns:<\/p>\n<p>Selbstverlag Vonhof, Wippertalstr. 30, 99707 Kyffh\u00e4userland<\/p>\n<p>E-mail: vonhof@t-online.de mittels einer eindeutigen Erkl\u00e4rung (z.B. ein mit der Post versandter Brief, Telefonat oder E-Mail) \u00fcber Ihren Entschluss, diesen Vertrag zu widerrufen, informieren. Sie k\u00f6nnen daf\u00fcr das beigef\u00fcgte Muster-Widerrufsformular verwenden, das jedoch nicht vorgeschrieben ist. Machen Sie von dieser M\u00f6glichkeit Gebrauch, so werden wir Ihnen unverz\u00fcglich (z. B. per E-Mail) eine Best\u00e4tigung \u00fcber den Eingang eines solchen Widerrufs \u00fcbermitteln. Zur Wahrung der Widerrufsfrist reicht es aus, dass Sie die Mitteilung \u00fcber die Aus\u00fcbung des Widerrufsrechts vor Ablauf der Widerrufsfrist absenden.<\/p>\n<p><strong>Folgen des Widerrufs<\/strong><\/p>\n<p>Wenn Sie diesen Vertrag widerrufen, haben wir Ihnen alle Zahlungen, die wir von Ihnen erhalten haben, einschlie\u00dflich der Lieferkosten (mit Ausnahme der zus\u00e4tzlichen Kosten, die sich daraus ergeben, dass Sie eine andere Art der Lieferung als die von uns angebotene, g\u00fcnstigste Standardlieferung gew\u00e4hlt haben), unverz\u00fcglich und sp\u00e4testens binnen vierzehn Tagen ab dem Tag zur\u00fcckzuzahlen, an dem die Mitteilung \u00fcber Ihren Widerruf dieses Vertrags bei uns eingegangen ist. F\u00fcr diese R\u00fcckzahlung verwenden wir dasselbe Zahlungsmittel, das Sie bei der urspr\u00fcnglichen Transaktion eingesetzt haben, es sei denn, mit Ihnen wurde ausdr\u00fccklich etwas anderes vereinbart; in keinem Fall werden Ihnen wegen dieser R\u00fcckzahlung Entgelt berechnet. Wir k\u00f6nnen die R\u00fcckzahlung verweigern, bis wir die Ware wieder zur\u00fcckerhalten haben, oder bis Sie den Nachweis erbracht haben, dass Sie die Waren zur\u00fcckgesandt haben, je nachdem welches der fr\u00fchere Zeitpunkt ist. Sie haben die Waren unverz\u00fcglich und in jedem Fall sp\u00e4testens binnen vierzehn Tagen ab dem Tag, an dem Sie uns \u00fcber den Widerruf dieses Vertrags unterrichten, an uns (Selbstverlag Vonhof, Wippertalstr. 30, 99707 Kyffh\u00e4userland) zur\u00fcckzusenden oder zu \u00fcbergeben. Die Frist ist gewahrt, wenn Sie die Waren vor Ablauf der Frist von vierzehn Tagen absenden.<\/p>\n<p>Sie tragen die Kosten der R\u00fccksendungen.<\/p>\n<p>Sie m\u00fcssen f\u00fcr einen etwaigen Wertverlust der Waren nur aufkommen, wenn dieser Wertverlust auf einen zur Pr\u00fcfung der Beschaffenheit, Eigenschaften und Funktionsweise der Waren nicht notwendigen Umgang mit ihnen zur\u00fcckzuf\u00fchren ist.<\/p>\n<p><strong>Ende der Widerrufsbelehrung<\/strong><\/p>\n<p><strong>Eigentumsvorbehalt:<\/strong><\/p>\n<p><strong>Die Ware bleibt bis zur vollst\u00e4ndigen Bezahlung unser Eigentum. Geraten Sie mit der Zahlung l\u00e4nger als 30 Tage in Verzug, haben wir das Recht, vom Vertrag zur\u00fcckzutreten und die Ware zur\u00fcckzufordern. Die R\u00fccksendekosten tr\u00e4gt der K\u00e4ufer.<\/strong><\/p>\n<p><strong>Preise:<\/strong><\/p>\n<p>Alle Preise verstehen sich in EURO und beinhalten die gesetzliche Mehrwertsteuer. Die Erstellung des Online-Shops erfolgte mit besonderer Sorgfalt. Trotzdem m\u00fcssen wir f\u00fcr evtl. Schreibfehler oder sonstige unrichtige Angaben eine Haftung ablehnen. Die Lieferung erfolgt versandkostenfrei.<\/p>\n<p>Lieferungs- und Zahlungs-Bedingungen:<\/p>\n<p>Die Ware wird im Normalfall innerhalb von 3 Werktagen nach Geldeingang versendet. Bezahlen k\u00f6nnen Sie wie folgt: Zahlung bei Abholung (=Selbstabholer) paypal Lieferungen in alle anderen L\u00e4nder erfolgen nur gegen Zahlung per Paypal.<\/p>\n<p><strong>Gew\u00e4hrleistung \/ Haftung<\/strong><\/p>\n<p>Die Gew\u00e4hrleistung richtet sich nach den gesetzlichen Bestimmungen. Offensichtliche Transportsch\u00e4den bitten wir unverz\u00fcglich durch den Zusteller aufnehmen und best\u00e4tigen zu lassen.<\/p>\n","protected":false},"excerpt":{"rendered":"<p>PayPal Kauf-Formular: Versandadresse (Vorname Name, Strasse +Nr., PLZ Ort, Land F\u00fcr R\u00fcckfragen Emailadresse und\/oder Telefonnummer Bitte Versand-Adresse und Kontaktdaten angeben. AGB &#8211; Allgemeine Gesch\u00e4ftsbedingungen: Vertragspartner ist: Selbstverlag Vonhof; Wippertalstr. 30, 99707 Kyffh\u00e4userland Allgemeines: Nachstehende Allgemeine Gesch\u00e4ftsbedingungen (AGB) gelten f\u00fcr alle Auftr\u00e4ge, Lieferungen und sonstige Leistungen mit dem Selbstverlag Vonhof. Der Selbstverlag Vonhof ist jederzeit berechtigt, [&hellip;]<\/p>\n","protected":false},"author":1,"featured_media":0,"parent":0,"menu_order":2,"comment_status":"closed","ping_status":"closed","template":"","meta":{"footnotes":""},"class_list":["post-6","page","type-page","status-publish","hentry"],"_links":{"self":[{"href":"https:\/\/veitsweb.ddns.net\/motorschirm\/wp-json\/wp\/v2\/pages\/6","targetHints":{"allow":["GET"]}}],"collection":[{"href":"https:\/\/veitsweb.ddns.net\/motorschirm\/wp-json\/wp\/v2\/pages"}],"about":[{"href":"https:\/\/veitsweb.ddns.net\/motorschirm\/wp-json\/wp\/v2\/types\/page"}],"author":[{"embeddable":true,"href":"https:\/\/veitsweb.ddns.net\/motorschirm\/wp-json\/wp\/v2\/users\/1"}],"replies":[{"embeddable":true,"href":"https:\/\/veitsweb.ddns.net\/motorschirm\/wp-json\/wp\/v2\/comments?post=6"}],"version-history":[{"count":1,"href":"https:\/\/veitsweb.ddns.net\/motorschirm\/wp-json\/wp\/v2\/pages\/6\/revisions"}],"predecessor-version":[{"id":21,"href":"https:\/\/veitsweb.ddns.net\/motorschirm\/wp-json\/wp\/v2\/pages\/6\/revisions\/21"}],"wp:attachment":[{"href":"https:\/\/veitsweb.ddns.net\/motorschirm\/wp-json\/wp\/v2\/media?parent=6"}],"curies":[{"name":"wp","href":"https:\/\/api.w.org\/{rel}","templated":true}]}}